 the prime factors of 2393?
2393
List the prime factors of 156.
2, 3, 13
List the prime factors of 3344.
2, 11, 19
What are the prime factors of 24849?
3, 11, 251
List the prime factors of 7169.
67, 107
What are the prime factors of 2616?
2, 3, 109
List the prime factors of 4088.
2, 7, 73
List the prime factors of 18455.
5, 3691
List the prime factors of 1818.
2, 3, 101
List the prime factors of 49430.
2, 5, 4943
List the prime factors of 17567.
11, 1597
What are the prime factors of 21380?
2, 5, 1069
List the prime factors of 2567.
17, 151
What are the prime factors of 775?
5, 31
What are the prime factors of 18737?
41, 457
List the prime factors of 165.
3, 5, 11
List the prime factors of 14552.
2, 17, 107
List the prime factors of 1239.
3, 7, 59
What are the prime factors of 10329?
3, 11, 313
What are the prime factors of 2926?
2, 7, 11, 19
List the prime factors of 15042.
2, 3, 23, 109
What are the prime factors of 17629?
17, 61
List the prime factors of 166137.
3, 79, 701
List the prime factors of 6797.
7, 971
List the prime factors of 5693.
5693
List the prime factors of 2890.
2, 5, 17
List the prime factors of 462.
2, 3, 7, 11
What are the prime factors of 5750?
2, 5, 23
List the prime factors of 12015.
3, 5, 89
List the prime factors of 26751.
3, 37, 241
List the prime factors of 173777.
173777
List the prime factors of 139467.
3, 46489
What are the prime factors of 71974?
2, 7, 53, 97
What are the prime factors of 243?
3
What are the prime factors of 10407?
3, 3469
List the prime factors of 85593.
3, 103, 277
What are the prime factors of 1035?
3, 5, 23
List the prime factors of 185797.
185797
List the prime factors of 74.
2, 37
List the prime factors of 3228.
2, 3, 269
What are the prime factors of 136942?
2, 13, 23, 229
What are the prime factors of 33360?
2, 3, 5, 139
List the prime factors of 1525.
5, 61
What are the prime factors of 1437?
3, 479
List the prime factors of 5502.
2, 3, 7, 131
List the prime factors of 10706.
2, 53, 101
List the prime factors of 4671.
3, 173
List the prime factors of 26175.
3, 5, 349
List the prime factors of 14908.
2, 3727
List the prime factors of 169838.
2, 84919
What are the prime factors of 65426?
2, 32713
List the prime factors of 62656.
2, 11, 89
What are the prime factors of 716?
2, 179
What are the prime factors of 8926?
2, 4463
List the prime factors of 2696.
2, 337
List the prime factors of 94548.
2, 3, 7879
List the prime factors of 25866.
2, 3, 479
What are the prime factors of 3911?
3911
List the prime factors of 2224.
2, 139
List the prime factors of 1838.
2, 919
List the prime factors of 42254.
2, 37, 571
List the prime factors of 2908.
2, 727
What are the prime factors of 15807?
3, 11, 479
What are the prime factors of 17326?
2, 8663
List the prime factors of 76020.
2, 3, 5, 7, 181
List the prime factors of 1318.
2, 659
What are the prime factors of 1280?
2, 5
What are the prime factors of 763?
7, 109
What are the prime factors of 271?
271
List the prime factors of 914.
2, 457
List the prime factors of 41638.
2, 109, 191
List the prime factors of 10632.
2, 3, 443
What are the prime factors of 1292?
2, 17, 19
What are the prime factors of 2821?
7, 13, 31
List the prime factors of 101655.
3, 5, 251
List the prime factors of 10177.
10177
What are the prime factors of 10256?
2, 641
List the prime factors of 1590.
2, 3, 5, 53
List the prime factors of 43625.
5, 349
List the prime factors of 183.
3, 61
What are the prime factors of 7793?
7793
List the prime factors of 6917.
6917
List the prime factors of 849.
3, 283
List the prime factors of 1214.
2, 607
What are the prime factors of 4415?
5, 883
What are the prime factors of 30196?
2, 7549
What are the prime factors of 36559?
36559
List the prime factors of 314.
2, 157
What are the prime factors of 5424?
2, 3, 113
What are the prime factors of 48236?
2, 31, 389
What are the prime factors of 5610?
2, 3, 5, 11, 17
List the prime factors of 51845.
5, 10369
List the prime factors of 118.
2, 59
List the prime factors of 26212.
2, 6553
What are the prime factors of 832?
2, 13
List the prime factors of 46504.
2, 5813
What are the prime factors of 230?
2, 5, 23
List the prime factors of 21318.
2, 3, 11, 17, 19
List the prime factors of 39.
3, 13
What are the prime factors of 21261?
3, 19, 373
What are the prime factors of 11708?
2, 2927
List the prime factors of 1359.
3, 151
List the prime factors of 9650.
2, 5, 193
What are the prime factors of 2534?
2, 7, 181
List the prime factors of 4693.
13, 19
List the prime factors of 2296.
2, 7, 41
List the prime factors of 5211.
3, 193
List the prime factors of 10623.
3, 3541
List the prime factors of 2702.
2, 7, 193
What are the prime factors of 1838?
2, 919
What are the prime factors of 2690?
2, 5, 269
What are the prime factors of 683?
683
What are the prime factors of 15919?
15919
What are the prime factors of 32949?
3, 7, 523
List the prime factors of 753.
3, 251
What are the prime factors of 172235?
5, 7, 19, 37
What are the prime factors of 46?
2, 23
List the prime factors of 37909.
167, 227
List the prime factors of 8056.
2, 19, 53
List the prime factors of 25637.
31, 827
What are the prime factors of 7597?
71, 107
What are the prime factors of 16271?
53, 307
What are the prime factors of 451?
11, 41
What are the prime factors of 3870?
2, 3, 5, 43
What are the prime factors of 843?
3, 281
List the prime factors of 5751.
3, 71
What are the prime factors of 594?
2, 3, 11
What are the prime factors of 14378?
2, 7, 13, 79
What are the prime factors of 15317?
17, 53
List the prime factors of 10886.
2, 5443
What are the prime factors of 25355?
5, 11, 461
List the prime factors of 222.
2, 3, 37
What are the prime factors of 2365?
5, 11, 43
List the prime factors of 224.
2, 7
List the prime factors of 6341.
17, 373
List the prime factors of 19903.
13, 1531
What are the prime factors of 903?
3, 7, 43
What are the prime factors of 8645?
5, 7, 13, 19
List the prime factors of 12754.
2, 7, 911
List the prime factors of 14404.
2, 13, 277
What are the prime factors of 104889?
3, 34963
What are the prime factors of 645?
3, 5, 43
List the prime factors of 2364.
2, 3, 197
List the prime factors of 168.
2, 3, 7
What are the prime factors of 462?
2, 3, 7, 11
List the prime factors of 75609.
3, 31, 271
What are the prime factors of 47229?
3, 7, 13, 173
What are the prime factors of 3859?
17, 227
What are the prime factors of 37620?
2, 3, 5, 11, 19
What are the prime factors of 214?
2, 107
List the prime factors of 23979.
3, 7993
What are the prime factors of 324?
2, 3
List the prime factors of 770.
2, 5, 7, 11
What are the prime factors of 6878?
2, 19, 181
What are the prime factors of 1214?
2, 607
What are the prime factors of 738?
2, 3, 41
List the prime factors of 11633.
11633
What are the prime factors of 768?
2, 3
List the prime factors of 863.
863
List the prime factors of 7442.
2, 61
What are the prime factors of 84127?
84127
What are the prime factors of 892?
2, 223
What are the prime factors of 36375?
3, 5, 97
List the prime factors of 22.
2, 11
List the prime factors of 9628.
2, 29, 83
What are the prime factors of 6998?
2, 3499
What are the prime factors of 1775?
5, 71
What are the prime factors of 9578?
2, 4789
What are the prime factors of 11290?
2, 5, 1129
List the prime factors of 959.
7, 137
List the prime factors of 1374.
2, 3, 229
What are the prime factors of 9708?
2, 3, 809
List the prime factors of 5108.
2, 1277
What are the prime factors of 493?
17, 29
What are the prime factors of 38936?
2, 31, 157
What are the prime factors of 1013?
1013
List the prime factors of 3778.
2, 1889
List the prime factors of 41034.
2, 3, 7, 977
List the prime factors of 94194.
2, 3, 5233
What are the prime factors of 5955?
3, 5, 397
List the prime factors of 89032.
2, 31, 359
What are the prime factors of 74802?
2, 3, 7, 13, 137
What are the prime factors of 12352?
2, 193
What are the prime factors of 2943?
3, 109
List the prime factors of 54805.
5, 97, 113
List the prime factors of 8704.
2, 17
What are the prime factors of 9136?
2, 571
List the prime factors of 7795.
5, 1559
List the prime factors of 3024.
2, 3, 7
List the prime factors of 6019.
13, 463
List the prime factors of 191.
191
What are the prime fac